{"id":95,"date":"2020-02-12T14:02:26","date_gmt":"2020-02-12T14:02:26","guid":{"rendered":"http:\/\/woodbadge.training\/?page_id=95"},"modified":"2024-01-06T08:00:08","modified_gmt":"2024-01-06T07:00:08","slug":"buende","status":"publish","type":"page","link":"https:\/\/woodbadge.training\/?page_id=95","title":{"rendered":"Arbeitskreis"},"content":{"rendered":"<p><strong>Der AK CP-Woodbadge<\/strong><\/p>\n<p>2007 zu einer Veranstaltung zum 100 j\u00e4hrigen Jubil\u00e4um der Pfadfinderarbeit hat sich Dr. J\u00fcrgen Abels (rotbart), Dieter Anders (wolf) und Karsten Lemke \u00fcber die Woodbadgearbeit unterhalten.<\/p>\n<p>Hier wurde gesehen, dass diese Arbeit eine M\u00f6glichkeit ist erfahrene Pfadfinderf\u00fchrer zum Austausch zusammen zu bringen. Schnell fand man weitere Mitstreiter und f\u00fcr 2009 wurde der erste Kurs ins Auge gefasst. Um die konzeptionelle Ausrichtung zu gew\u00e4hrleisten, wurde der Arbeitskreis CP-Woodbadge gegr\u00fcndet mit bis zu 15 Mitglieder aus\u00a0 verschiedenen B\u00fcnden, der sich zweimal im Jahr trifft. Es wird \u00fcber allgemeine Themen im Zusammenhang mit dem Woodbadge sich austauscht, sowie das Training immer wieder kritisch hinterfragt und entsprechend angepasst.<\/p>\n<p>Derzeitige Mitglieder des AK CP-Woodbadge sind:<\/p>\n<p>Hathi (CPD)\u00a0 &#8211; Sprecher des Arbeitskreises<\/p>\n<p>wolf (CPD) ADCC<\/p>\n<p>Karsten(BSCP) ADCC<\/p>\n<p>Mikel (FSE-A) ADCC<\/p>\n<p>Ivonne (ESM) ADCC<\/p>\n<p>Sabi (ESM) ADCC<\/p>\n<p>Dissi (CPD) ADCC<\/p>\n<p>Kibbo (BPS)<\/p>\n<p>Medi (BPS)<\/p>\n<p>Uli (BPS)<\/p>\n<p>Anni (FSE-A)<\/p>\n<p>Freddy (CPD)<\/p>\n<p>Andi (ESM)<\/p>\n<p>&nbsp;<\/p>\n<p>&nbsp;<\/p>\n<p><strong><div id=\"metaslider-id-90\" style=\"width: 100%;\" class=\"ml-slider-3-108-0 metaslider metaslider-flex metaslider-90 ml-slider ms-theme-default nav-hidden\" role=\"region\" aria-label=\"Kurse\" data-height=\"450\" data-width=\"1250\">\n    <div id=\"metaslider_container_90\">\n        <div id=\"metaslider_90\">\n            <ul class='slides'>\n                <li style=\"display: block; width: 100%;\" class=\"slide-91 ms-image \" aria-roledescription=\"slide\" data-date=\"2020-01-03 17:56:09\" data-filename=\"DSC_4496-e1591114579826-1250x450.jpg\" data-slide-type=\"image\"><img loading=\"lazy\" decoding=\"async\" src=\"https:\/\/woodbadge.training\/wp-content\/uploads\/2019\/11\/DSC_4496-e1591114579826-1250x450.jpg\" height=\"450\" width=\"1250\" alt=\"\" class=\"slider-90 slide-91 msDefaultImage\" title=\"Woodbadge-Kurs 2013 in Noeggenschwiel\" \/><div class=\"caption-wrap\"><div class=\"caption\">Woodbadge Kurs 2013 Noeggenschwiel<\/div><\/div><\/li>\n                <li style=\"display: none; width: 100%;\" class=\"slide-108 ms-image \" aria-roledescription=\"slide\" data-date=\"2020-02-12 14:48:18\" data-filename=\"DSC_0095-scaled-e1591114533714-1250x450.jpg\" data-slide-type=\"image\"><img loading=\"lazy\" decoding=\"async\" src=\"https:\/\/woodbadge.training\/wp-content\/uploads\/2020\/02\/DSC_0095-scaled-e1591114533714-1250x450.jpg\" height=\"450\" width=\"1250\" alt=\"\" class=\"slider-90 slide-108 msDefaultImage\" title=\"DSC_0095\" \/><div class=\"caption-wrap\"><div class=\"caption\">Woodbadge Kurs 2015 M\u00e4gdesprung<\/div><\/div><\/li>\n                <li style=\"display: none; width: 100%;\" class=\"slide-110 ms-image \" aria-roledescription=\"slide\" data-date=\"2020-02-12 14:48:18\" data-filename=\"DSC_0271-scaled-1250x450.jpg\" data-slide-type=\"image\"><img loading=\"lazy\" decoding=\"async\" src=\"https:\/\/woodbadge.training\/wp-content\/uploads\/2020\/02\/DSC_0271-scaled-1250x450.jpg\" height=\"450\" width=\"1250\" alt=\"\" class=\"slider-90 slide-110 msDefaultImage\" title=\"DSC_0271\" \/><\/li>\n                <li style=\"display: none; width: 100%;\" class=\"slide-146 ms-image \" aria-roledescription=\"slide\" data-date=\"2020-06-02 15:50:59\" data-filename=\"DSC_2941-scaled-e1591114299474-1250x450.jpg\" data-slide-type=\"image\"><img loading=\"lazy\" decoding=\"async\" src=\"https:\/\/woodbadge.training\/wp-content\/uploads\/2020\/06\/DSC_2941-scaled-e1591114299474-1250x450.jpg\" height=\"450\" width=\"1250\" alt=\"\" class=\"slider-90 slide-146 msDefaultImage\" title=\"DSC_2941\" \/><div class=\"caption-wrap\"><div class=\"caption\">Woodbadge Kurs 2017 Sarau<\/div><\/div><\/li>\n                <li style=\"display: none; width: 100%;\" class=\"slide-147 ms-image \" aria-roledescription=\"slide\" data-date=\"2020-06-02 15:51:37\" data-filename=\"IMG_5290-scaled-e1591114442987-1250x450.jpg\" data-slide-type=\"image\"><img loading=\"lazy\" decoding=\"async\" src=\"https:\/\/woodbadge.training\/wp-content\/uploads\/2020\/06\/IMG_5290-scaled-e1591114442987-1250x450.jpg\" height=\"450\" width=\"1250\" alt=\"\" class=\"slider-90 slide-147 msDefaultImage\" title=\"IMG_5290\" \/><\/li>\n                <li style=\"display: none; width: 100%;\" class=\"slide-148 ms-image \" aria-roledescription=\"slide\" data-date=\"2020-06-02 15:51:50\" data-filename=\"IMG_5359-scaled-e1591114418549-1250x450.jpg\" data-slide-type=\"image\"><img loading=\"lazy\" decoding=\"async\" src=\"https:\/\/woodbadge.training\/wp-content\/uploads\/2020\/06\/IMG_5359-scaled-e1591114418549-1250x450.jpg\" height=\"450\" width=\"1250\" alt=\"\" class=\"slider-90 slide-148 msDefaultImage\" title=\"IMG_5359\" \/><\/li>\n                <li style=\"display: none; width: 100%;\" class=\"slide-175 ms-image \" aria-roledescription=\"slide\" data-date=\"2020-06-02 17:14:07\" data-filename=\"DSC_2439-scaled-e1591117758739-1250x450.jpg\" data-slide-type=\"image\"><img loading=\"lazy\" decoding=\"async\" src=\"https:\/\/woodbadge.training\/wp-content\/uploads\/2020\/06\/DSC_2439-scaled-e1591117758739-1250x450.jpg\" height=\"450\" width=\"1250\" alt=\"\" class=\"slider-90 slide-175 msDefaultImage\" title=\"DSC_2439\" \/><div class=\"caption-wrap\"><div class=\"caption\">Woodbadge Kurs 2017 Sarau<\/div><\/div><\/li>\n                <li style=\"display: none; width: 100%;\" class=\"slide-176 ms-image \" aria-roledescription=\"slide\" data-date=\"2020-06-02 17:14:16\" data-filename=\"DSC01061-scaled-e1591117779235-1250x450.jpg\" data-slide-type=\"image\"><img loading=\"lazy\" decoding=\"async\" src=\"https:\/\/woodbadge.training\/wp-content\/uploads\/2020\/06\/DSC01061-scaled-e1591117779235-1250x450.jpg\" height=\"450\" width=\"1250\" alt=\"\" class=\"slider-90 slide-176 msDefaultImage\" title=\"DSC01061\" \/><\/li>\n                <li style=\"display: none; width: 100%;\" class=\"slide-178 ms-image \" aria-roledescription=\"slide\" data-date=\"2020-06-02 17:14:32\" data-filename=\"WB-024-scaled-e1591117823856-1250x450.jpg\" data-slide-type=\"image\"><img loading=\"lazy\" decoding=\"async\" src=\"https:\/\/woodbadge.training\/wp-content\/uploads\/2020\/06\/WB-024-scaled-e1591117823856-1250x450.jpg\" height=\"450\" width=\"1250\" alt=\"\" class=\"slider-90 slide-178 msDefaultImage\" title=\"WB 024\" \/><\/li>\n                <li style=\"display: none; width: 100%;\" class=\"slide-179 ms-image \" aria-roledescription=\"slide\" data-date=\"2020-06-02 17:14:40\" data-filename=\"P1050662-scaled-e1591117862852-1250x450.jpg\" data-slide-type=\"image\"><img loading=\"lazy\" decoding=\"async\" src=\"https:\/\/woodbadge.training\/wp-content\/uploads\/2020\/06\/P1050662-scaled-e1591117862852-1250x450.jpg\" height=\"450\" width=\"1250\" alt=\"\" class=\"slider-90 slide-179 msDefaultImage\" title=\"P1050662\" \/><div class=\"caption-wrap\"><div class=\"caption\">Woodbadge Kurs 2015 M\u00e4gdesprung<\/div><\/div><\/li>\n                <li style=\"display: none; width: 100%;\" class=\"slide-180 ms-image \" aria-roledescription=\"slide\" data-date=\"2020-06-02 17:14:46\" data-filename=\"IMG_0725-scaled-1250x450.jpg\" data-slide-type=\"image\"><img loading=\"lazy\" decoding=\"async\" src=\"https:\/\/woodbadge.training\/wp-content\/uploads\/2020\/06\/IMG_0725-scaled-1250x450.jpg\" height=\"450\" width=\"1250\" alt=\"\" class=\"slider-90 slide-180 msDefaultImage\" title=\"IMG_0725\" \/><\/li>\n                <li style=\"display: none; width: 100%;\" class=\"slide-181 ms-image \" aria-roledescription=\"slide\" data-date=\"2020-06-02 17:14:58\" data-filename=\"DSC_4262-scaled-e1591114384693-1250x450.jpg\" data-slide-type=\"image\"><img loading=\"lazy\" decoding=\"async\" src=\"https:\/\/woodbadge.training\/wp-content\/uploads\/2020\/06\/DSC_4262-scaled-e1591114384693-1250x450.jpg\" height=\"450\" width=\"1250\" alt=\"\" class=\"slider-90 slide-181 msDefaultImage\" title=\"DSC_4262\" \/><\/li>\n                <li style=\"display: none; width: 100%;\" class=\"slide-182 ms-image \" aria-roledescription=\"slide\" data-date=\"2020-06-02 17:15:05\" data-filename=\"DSC_0406-scaled-1250x450.jpg\" data-slide-type=\"image\"><img loading=\"lazy\" decoding=\"async\" src=\"https:\/\/woodbadge.training\/wp-content\/uploads\/2020\/06\/DSC_0406-scaled-1250x450.jpg\" height=\"450\" width=\"1250\" alt=\"\" class=\"slider-90 slide-182 msDefaultImage\" title=\"DSC_0406\" \/><div class=\"caption-wrap\"><div class=\"caption\">Woodbadge Kurs 2013 Noeggenschwiel<\/div><\/div><\/li>\n                <li style=\"display: none; width: 100%;\" class=\"slide-183 ms-image \" aria-roledescription=\"slide\" data-date=\"2020-06-02 17:15:33\" data-filename=\"IMG_1623-scaled-e1591114337672-1250x450.jpg\" data-slide-type=\"image\"><img loading=\"lazy\" decoding=\"async\" src=\"https:\/\/woodbadge.training\/wp-content\/uploads\/2020\/06\/IMG_1623-scaled-e1591114337672-1250x450.jpg\" height=\"450\" width=\"1250\" alt=\"\" class=\"slider-90 slide-183 msDefaultImage\" title=\"IMG_1623\" \/><div class=\"caption-wrap\"><div class=\"caption\">Woodbadge Kurs 2013 Noeggenschwielc<\/div><\/div><\/li>\n                <li style=\"display: none; width: 100%;\" class=\"slide-184 ms-image \" aria-roledescription=\"slide\" data-date=\"2020-06-02 17:15:50\" data-filename=\"DSC_2410-scaled-1250x450.jpg\" data-slide-type=\"image\"><img loading=\"lazy\" decoding=\"async\" src=\"https:\/\/woodbadge.training\/wp-content\/uploads\/2020\/06\/DSC_2410-scaled-1250x450.jpg\" height=\"450\" width=\"1250\" alt=\"\" class=\"slider-90 slide-184 msDefaultImage\" title=\"DSC_2410\" \/><\/li>\n                <li style=\"display: none; width: 100%;\" class=\"slide-365 ms-image \" aria-roledescription=\"slide\" data-date=\"2022-04-18 13:50:14\" data-filename=\"IMG_2813-scaled-1250x450.jpg\" data-slide-type=\"image\"><img loading=\"lazy\" decoding=\"async\" src=\"https:\/\/woodbadge.training\/wp-content\/uploads\/2022\/04\/IMG_2813-scaled-1250x450.jpg\" height=\"450\" width=\"1250\" alt=\"\" class=\"slider-90 slide-365 msDefaultImage\" title=\"IMG_2813\" \/><\/li>\n                <li style=\"display: none; width: 100%;\" class=\"slide-366 ms-image \" aria-roledescription=\"slide\" data-date=\"2022-04-18 13:50:19\" data-filename=\"IMG_2644-scaled-1250x450.jpg\" data-slide-type=\"image\"><img loading=\"lazy\" decoding=\"async\" src=\"https:\/\/woodbadge.training\/wp-content\/uploads\/2022\/04\/IMG_2644-scaled-1250x450.jpg\" height=\"450\" width=\"1250\" alt=\"\" class=\"slider-90 slide-366 msDefaultImage\" title=\"IMG_2644\" \/><div class=\"caption-wrap\"><div class=\"caption\">Woodbadge Kurs 2022 Ingelfingen<\/div><\/div><\/li>\n                <li style=\"display: none; width: 100%;\" class=\"slide-367 ms-image \" aria-roledescription=\"slide\" data-date=\"2022-04-18 13:52:22\" data-filename=\"IMG_2930-scaled-1250x450.jpg\" data-slide-type=\"image\"><img loading=\"lazy\" decoding=\"async\" src=\"https:\/\/woodbadge.training\/wp-content\/uploads\/2022\/04\/IMG_2930-scaled-1250x450.jpg\" height=\"450\" width=\"1250\" alt=\"\" class=\"slider-90 slide-367 msDefaultImage\" title=\"IMG_2930\" \/><div class=\"caption-wrap\"><div class=\"caption\">Woodbadge Kurs 2022 Ingelfingen<\/div><\/div><\/li>\n                <li style=\"display: none; width: 100%;\" class=\"slide-368 ms-image \" aria-roledescription=\"slide\" data-date=\"2022-04-18 13:52:41\" data-filename=\"IMG_2784-scaled-1250x450.jpg\" data-slide-type=\"image\"><img loading=\"lazy\" decoding=\"async\" src=\"https:\/\/woodbadge.training\/wp-content\/uploads\/2022\/04\/IMG_2784-scaled-1250x450.jpg\" height=\"450\" width=\"1250\" alt=\"\" class=\"slider-90 slide-368 msDefaultImage\" title=\"IMG_2784\" \/><\/li>\n                <li style=\"display: none; width: 100%;\" class=\"slide-370 ms-image \" aria-roledescription=\"slide\" data-date=\"2022-04-18 13:54:08\" data-filename=\"IMG_2892-scaled-1250x450.jpg\" data-slide-type=\"image\"><img loading=\"lazy\" decoding=\"async\" src=\"https:\/\/woodbadge.training\/wp-content\/uploads\/2022\/04\/IMG_2892-scaled-1250x450.jpg\" height=\"450\" width=\"1250\" alt=\"\" class=\"slider-90 slide-370 msDefaultImage\" title=\"IMG_2892\" \/><div class=\"caption-wrap\"><div class=\"caption\">Woodbadge Kurs 2022 Ingelfingen<\/div><\/div><\/li>\n                <li style=\"display: none; width: 100%;\" class=\"slide-396 ms-image \" aria-roledescription=\"slide\" data-date=\"2022-08-14 14:03:19\" data-filename=\"DSC07943-scaled-1250x450.jpg\" data-slide-type=\"image\"><img loading=\"lazy\" decoding=\"async\" src=\"https:\/\/woodbadge.training\/wp-content\/uploads\/2022\/08\/DSC07943-scaled-1250x450.jpg\" height=\"450\" width=\"1250\" alt=\"\" class=\"slider-90 slide-396 msDefaultImage\" title=\"DSC07943\" \/><\/li>\n                <li style=\"display: none; width: 100%;\" class=\"slide-397 ms-image \" aria-roledescription=\"slide\" data-date=\"2022-08-14 14:03:34\" data-filename=\"IMG_2628-scaled-1250x450.jpg\" data-slide-type=\"image\"><img loading=\"lazy\" decoding=\"async\" src=\"https:\/\/woodbadge.training\/wp-content\/uploads\/2022\/08\/IMG_2628-scaled-1250x450.jpg\" height=\"450\" width=\"1250\" alt=\"\" class=\"slider-90 slide-397 msDefaultImage\" title=\"IMG_2628\" \/><div class=\"caption-wrap\"><div class=\"caption\">Woodbadge Kurs 2022 Ingelfingen<\/div><\/div><\/li>\n            <\/ul>\n        <\/div>\n        \n    <\/div>\n<\/div><\/strong><\/p>\n<p>Im AK Woodbadge haben sich zur Zeit folgende B\u00fcnde zusammengeschlossen:<\/p>\n<p><a href=\"https:\/\/www.bps-pfadfinder.de\/\">BPS &#8211; Baptistische Pfadfinderschaft<\/a><\/p>\n<p><a href=\"https:\/\/www.sarowe.de\/\">BSCP\u00a0 &#8211; Befreundete St\u00e4mme christlicher Pfadfinder<\/a><\/p>\n<p><a href=\"http:\/\/www.c-p-d.info\/\">CPD &#8211; Christliche Pfadfinderschaft Deutschlands<\/a><\/p>\n<p><a href=\"https:\/\/www.michaelspfadfinder.de\/\">ESM &#8211; Europ\u00e4ische Pfadfinderschaft Sankt Michael<\/a><\/p>\n<p><a href=\"http:\/\/europapfadfinder.eu\/\">FSE-A &#8211; Bund der Europapfadfinder FSE-Alsace<\/a><\/p>\n<p>&nbsp;<\/p>\n<p>Teilnehmer aus folgenden B\u00fcnden nahmen bisher als G\u00e4ste an unseren Kursen teil:<\/p>\n<p>Christliche Pfadfinderschaft Kreuztr\u00e4ger<\/p>\n<p>Wesley Scouts<\/p>\n<p>Ring Evangelischer Gemeindepfadfinder<\/p>\n<p>Europ\u00e4ische Pfadfinderschaft St. Georg<\/p>\n<p>Pfadfinderschaft Grauer Reiter<\/p>\n<p>Christliche Pfadfinderschaft Ravensberg<\/p>\n<p>&nbsp;<\/p>\n","protected":false},"excerpt":{"rendered":"<p>Der AK CP-Woodbadge 2007 zu einer Veranstaltung zum 100 j\u00e4hrigen Jubil\u00e4um der Pfadfinderarbeit hat sich Dr. J\u00fcrgen Abels (rotbart), Dieter Anders (wolf) und Karsten Lemke \u00fcber die Woodbadgearbeit unterhalten. Hier wurde gesehen, dass diese Arbeit &hellip;<\/p>\n","protected":false},"author":1,"featured_media":0,"parent":0,"menu_order":0,"comment_status":"closed","ping_status":"closed","template":"","meta":{"footnotes":""},"class_list":["post-95","page","type-page","status-publish","hentry"],"_links":{"self":[{"href":"https:\/\/woodbadge.training\/index.php?rest_route=\/wp\/v2\/pages\/95","targetHints":{"allow":["GET"]}}],"collection":[{"href":"https:\/\/woodbadge.training\/index.php?rest_route=\/wp\/v2\/pages"}],"about":[{"href":"https:\/\/woodbadge.training\/index.php?rest_route=\/wp\/v2\/types\/page"}],"author":[{"embeddable":true,"href":"https:\/\/woodbadge.training\/index.php?rest_route=\/wp\/v2\/users\/1"}],"replies":[{"embeddable":true,"href":"https:\/\/woodbadge.training\/index.php?rest_route=%2Fwp%2Fv2%2Fcomments&post=95"}],"version-history":[{"count":25,"href":"https:\/\/woodbadge.training\/index.php?rest_route=\/wp\/v2\/pages\/95\/revisions"}],"predecessor-version":[{"id":423,"href":"https:\/\/woodbadge.training\/index.php?rest_route=\/wp\/v2\/pages\/95\/revisions\/423"}],"wp:attachment":[{"href":"https:\/\/woodbadge.training\/index.php?rest_route=%2Fwp%2Fv2%2Fmedia&parent=95"}],"curies":[{"name":"wp","href":"https:\/\/api.w.org\/{rel}","templated":true}]}}